{"id":19,"date":"2020-01-10T11:23:07","date_gmt":"2020-01-10T11:23:07","guid":{"rendered":"http:\/\/ararat.ujaen.es:14280\/tass2020\/?page_id=19"},"modified":"2020-06-15T11:17:09","modified_gmt":"2020-06-15T11:17:09","slug":"principal","status":"publish","type":"page","link":"http:\/\/tass.sepln.org\/2020\/","title":{"rendered":"Welcome"},"content":{"rendered":"\n<h2>About<\/h2>\n\n\n\n<p> The workshop and shared task &#8220;Semantic Analysis at SEPLN (<a rel=\"noreferrer noopener\" href=\"http:\/\/www.sepln.org\/workshops\/tass\" target=\"_blank\">TASS<\/a>)&#8221; has been  held since 2012, under the umbrella of the International Conference of the Spanish Society for  Natural Language Processing (SEPLN). TASS was the first shared task on sentiment analysis in Twitter in Spanish. Spanish is the second language used in Facebook and Twitter <a href=\"http:\/\/tass.sepln.org\/2018\/#ref_1\">[1]<\/a>,  which calls for the development and availability of language-specific methods and resources for  sentiment analysis. The initial aim of TASS was the furtherance of research on sentiment analysis in Spanish with a special interest in the language used in Twitter. Since 2019 it is part of <a href=\"https:\/\/sites.google.com\/view\/iberlef2020\/\">IberLEF <\/a>(Iberian Languages Evaluation Forum). <\/p>\n\n\n\n<p> Although sentiment analysis is still an open problem, the Organization Committee would like to foster research on other tasks related to the processing of the semantics of texts written in Spanish.  Consequently, the name of the workshop\/shared task has been changed to &#8220;Workshop on Semantic Analysis  at SEPLN (TASS)&#8221;. <\/p>\n\n\n\n<div class=\"wp-block-group\"><div class=\"wp-block-group__inner-container\">\n<a name=\"tasks\"><\/a>\n<h2>Tasks<\/h2>\n<\/div><\/div>\n\n\n\n<p>After several years exploring general polarity analysis, with different collections, Spanish  variants and a great success of participation, in TASS 2020 we evolved towards emotion  classification, with a new collection. In addition, we maintain the main task of general polarity analysis, with some novelties, which are described below.<\/p>\n\n\n\n<h4>Task 1: General polarity at three levels<\/h4>\n\n\n\n<p> The aim of this original task of TASS is the evaluation of polarity classification systems of tweets written in Spanish and different variants. We propose two subtasks:<\/p>\n\n\n\n<ul><li>Subtask-1: Monolingual. Training and test using each InterTASS dataset (ES-Spain, PE-Peru, CR-Costa Rica, CH-Chile, UR-Uruguay, MX-Mexico). Any corpora or linguistic resource will be permitted.<\/li><li>Subtask-2: Multivariant. A new test dataset will be delivered, with tweets extracted from the different subsets of Spain, Peru, Costa Rica, Chile, Uruguay, and Mexico. Again, it will be possible to use any corpora or linguistic resources.<\/li><\/ul>\n\n\n\n<p>Challenges:<\/p>\n\n\n\n<ul><li>Lack of context: Tweets are short (up to 240 characters).<\/li><li>Informal language: Misspellings, emojis, onomatopoeias are common.<\/li><li>Variants: The training, tests and development corpus contains tweets written in the Spanish language spoken in Spain, Peru, Costa Rica, Chile, Uruguay, and Mexico.<\/li><\/ul>\n\n\n\n<p>Also as a novelty, the delivered corpora contains only 3 different tags or levels of opinion intensity (P, N, NEU), where NEU will include NONE. <\/p>\n\n\n\n<p>Evaluation measures: accuracy and the macro-averaged versions of Precision, Recall, and F1 will be used as evaluation measures. Systems will be ranked by the Macro-F1 and Accuracy measures.<\/p>\n\n\n\n<h4>Task 2: Emotion detection<\/h4>\n\n\n\n<p>Understanding the emotions expressed by users on social media is a hard task due to the absence of voice modulations and facial expressions. Our shared task \u201cEmotion detection\u201d has been designed to encourage research in this area. The task consists of classifying the emotion expressed in a tweet as  \u2018neutral or no emotion\u2019 or as one of the six Ekman&#8217;s basic emotions:<\/p>\n\n\n\n<ul><li>anger (also includes annoyance and rage) can be inferred<\/li><li>disgust (also includes disinterest, dislike, and loathing) can be inferred<\/li><li>fear (also includes apprehension, anxiety, concern, and terror) can be inferred<\/li><li>joy (also includes serenity and ecstasy) can be inferred<\/li><li>sadness (also includes pensiveness and grief) can be inferred<\/li><li>surprise (also includes distraction and amazement) can be inferred<\/li><\/ul>\n\n\n\n<p>The dataset is based on events that took place in April 2019 related to different domains: entertainment, catastrophe, political, global commemoration, and global strike.  Since these events are polarized, we have decided to replace the hashtags in the dataset by the keyword &#8220;HASHTAG&#8221; in order to prevent the automatic classifier from relying on hashtags to categorize the emotion associated with a tweet.  Moreover, we replaced the user mentions by @USER.  <\/p>\n\n\n\n<p>The dataset  contains a total of 8,409 tweets written in Spanish. For the task, training, development and test sets will be released.<\/p>\n\n\n\n<p>Next table shows the number and percentage of tweets corresponding to each partition by emotion:<\/p>\n\n\n\n<figure class=\"wp-block-image size-large\"><img loading=\"lazy\" width=\"670\" height=\"338\" src=\"http:\/\/tass.sepln.org\/2020\/wp-content\/uploads\/2020\/01\/dataset-2.png\" alt=\"\" class=\"wp-image-122\" srcset=\"http:\/\/tass.sepln.org\/2020\/wp-content\/uploads\/2020\/01\/dataset-2.png 670w, http:\/\/tass.sepln.org\/2020\/wp-content\/uploads\/2020\/01\/dataset-2-300x151.png 300w\" sizes=\"(max-width: 670px) 100vw, 670px\" \/><\/figure>\n\n\n\n<p>Evaluation measures: accuracy and the macro-averaged versions of Precision, Recall, and F1 will be used as evaluation measures. Systems will be ranked by the Macro-F1 and Accuracy measures.<\/p>\n\n\n\n<p>Challenges:<\/p>\n\n\n\n<ul><li>Lack of context: Tweets are short (up to 240 characters).<\/li><li>Informal language: Misspellings, emojis, onomatopoeias are common.<\/li><li>Multiclass classification: The dataset is labeled with seven different classes.<\/li><\/ul>\n\n\n\n<a name=\"schedule\"><\/a>\n\n\n\n<h2>Schedule<\/h2>\n\n\n\n<ul><li>Release of training and development corpora: Feb 1, 2019<\/li><li> Release of test corpora: <s>May 1<\/s> May 3, 2020<\/li><li> Deadline for evaluation: <s>May 12<\/s> June 1, 2020<\/li><li> Paper submission: <s>May 25<\/s> June 15, 2020<\/li><li> Review notification: <s>June 15<\/s> June 30, 2020<\/li><li> Camera-ready submission: <s>July 3<\/s> July 15, 2020<\/li><li> Publication: September 2020<\/li><li> Workshop: M\u00e1laga (CEDI 2020), September 2020<a name=\"proceedings\"><\/a> <\/li><\/ul>\n\n\n\n<h2>Proceedings<\/h2>\n\n\n\n<p> The Organization Committee of TASS encourages participants to submit a description paper of their systems. Submitted papers will be reviewed by a scientific committee, and only accepted papers will be published at CEUR, as in previous years. Authors must use <a href=\"https:\/\/www.springer.com\/gp\/computer-science\/lncs\/conference-proceedings-guidelines\">this template<\/a> for describing their systems.<\/p>\n\n\n\n<p>Depending on the final number of participants and the time  allocated for the workshop, all or a selected group of papers  will be presented and discussed in the Workshop session. <\/p>\n\n\n\n<p>In the following links you can see the proceedings of the previous editions:<\/p>\n\n\n\n<ul><li><a href=\"http:\/\/ceur-ws.org\/Vol-1397\/\">TASS 2015<\/a><\/li><li><a href=\"http:\/\/ceur-ws.org\/Vol-1702\/\">TASS 2016<\/a><\/li><li><a href=\"http:\/\/ceur-ws.org\/Vol-1896\/\">TASS 2017<\/a><\/li><li><a href=\"http:\/\/ceur-ws.org\/Vol-2172\/\">TASS 2018<\/a><\/li><li><a href=\"http:\/\/ceur-ws.org\/Vol-2421\/\">TASS 2019<\/a><\/li><\/ul>\n\n\n\n<a name=\"organization\"><\/a>\n<h2>Organization<\/h2>\n\n\n\n<h4>Organizing Committee<\/h4>\n\n\n\n<ul><li><a rel=\"noreferrer noopener\" href=\"http:\/\/sinai.ujaen.es\/staff\/garcia-vega-manuel\/\" target=\"_blank\">Manuel Garc\u00eda Vega<\/a> (<a rel=\"noreferrer noopener\" href=\"http:\/\/ujaen.es\/\" target=\"_blank\">University of Ja\u00e9n<\/a>, Spain)<\/li><li><a rel=\"noreferrer noopener\" href=\"http:\/\/sinai.ujaen.es\/staff\/diaz-galiano-manuel-carlos\/\" target=\"_blank\">Manuel Carlos D\u00edaz Galiano<\/a> (<a rel=\"noreferrer noopener\" href=\"http:\/\/ujaen.es\/\" target=\"_blank\">University of Ja\u00e9n<\/a>, Spain)<\/li><li><a rel=\"noreferrer noopener\" href=\"http:\/\/sinai.ujaen.es\/staff\/miguel-angel-garcia-cumbreras\/\" target=\"_blank\">Miguel \u00c1ngel Garc\u00eda Cumbreras<\/a> (<a rel=\"noreferrer noopener\" href=\"http:\/\/ujaen.es\" target=\"_blank\">University of Ja\u00e9n<\/a>, Spain)<\/li><li>Flor Miriam Plaza del Arco  (<a rel=\"noreferrer noopener\" href=\"http:\/\/ujaen.es\/\" target=\"_blank\">University of Ja\u00e9n<\/a>, Spain)<\/li><li><a rel=\"noreferrer noopener\" href=\"http:\/\/sinai.ujaen.es\/staff\/montejo-raez-arturo\/\" target=\"_blank\">Arturo Montejo R\u00e1ez<\/a> (<a rel=\"noreferrer noopener\" href=\"http:\/\/ujaen.es\/\" target=\"_blank\">University of Ja\u00e9n<\/a>, Spain)<\/li><li>Salud Mar\u00eda Jim\u00e9nez Zafra (<a rel=\"noreferrer noopener\" href=\"http:\/\/ujaen.es\/\" target=\"_blank\">University of Ja\u00e9n<\/a>, Spain)<\/li><li><a rel=\"noreferrer noopener\" href=\"http:\/\/decsai.ugr.es\/index.php?p=miembros&amp;id=19952\" target=\"_blank\">Eugenio Mart\u00ednez C\u00e1mara <\/a> (<a rel=\"noreferrer noopener\" href=\"http:\/\/www.ugr.es\/\" target=\"_blank\">University of Granada<\/a>, Spain)<\/li><li>C\u00e9sar Antonio Aguilar (Universidad Cat\u00f3lica de Chile, Chile)<\/li><li>Edgar Casasola Murillo (Universidad de Costa Rica, Costa Rica)<\/li><li>Marco Antonio Sobrevilla Cabezudo (Universidade de S\u00e3o Paulo, Brazil)<\/li><li>Luis Chiruzzo (Universidad de la Rep\u00fablica, Uruguay)<\/li><li>Daniela A. Moctezuma (CentroGeo Aguascalientes, M\u00e9xico)<\/li><\/ul>\n\n\n\n<h4>Program Committee<\/h4>\n\n\n\n<ul><li>Erik Cambria (Nanyang Technological University)<\/li><li> Edgar Casasola Murillo (University of Costa Rica, Costa Rica)<\/li><li> Ferm\u00edn Cruz Mata (University of Sevilla, Spain)<\/li><li>Luis Espinosa Anke (Cardiff University, United Kingdom)<\/li><li> Yoan Guti\u00e9rrez V\u00e1zquez (University of Alicante, Spain) <\/li><li> Llu\u00eds F. Hurtado (Polytechnic University of Valencia, Spain) <\/li><li> Salud Mar\u00eda Jim\u00e9nez Zafra (University of Ja\u00e9n, Spain) <\/li><li> Mar\u00eda Victoria Luz\u00f3n Garc\u00eda (University of Granada, Spain) <\/li><li> M\u00aa. Teresa Mart\u00edn Valdivia (University of Ja\u00e9n, Spain) <\/li><li> Manuel Montes G\u00f3mez (National Institute of Astrophysics, Optics and Electronics, Mexico) <\/li><li> Antonio Moreno Ort\u00edz (University of M\u00e1laga, Spain) <\/li><li> Jos\u00e9 Manuel Perea Ortega (University of Extremadura, Spain) <\/li><li> Ferr\u00e1n Pla (Universidad Polit\u00e9cnica de Valencia, Spain) <\/li><li> Sara Rosenthal (IBM Research, U.S.A.) <\/li><li> Maite Taboada (Simon Fraser University, Canada) <\/li><li> L. Alfonso Ure\u00f1a L\u00f3pez (University of Ja\u00e9n, Spain) <\/li><\/ul>\n\n\n\n<p><\/p>\n","protected":false},"excerpt":{"rendered":"<p>About The workshop and shared task &#8220;Semantic Analysis at SEPLN (TASS)&#8221; has been held since 2012, under the umbrella of the International Conference of the Spanish Society for Natural Language Processing (SEPLN). TASS was the first shared task on sentiment analysis in Twitter in Spanish. Spanish is the second language used in Facebook and Twitter &hellip; <\/p>\n<p class=\"link-more\"><a href=\"http:\/\/tass.sepln.org\/2020\/\" class=\"more-link\">Continue reading<span class=\"screen-reader-text\"> &#8220;Welcome&#8221;<\/span><\/a><\/p>\n","protected":false},"author":1,"featured_media":140,"parent":0,"menu_order":0,"comment_status":"closed","ping_status":"closed","template":"","meta":[],"_links":{"self":[{"href":"http:\/\/tass.sepln.org\/2020\/index.php?rest_route=\/wp\/v2\/pages\/19"}],"collection":[{"href":"http:\/\/tass.sepln.org\/2020\/index.php?rest_route=\/wp\/v2\/pages"}],"about":[{"href":"http:\/\/tass.sepln.org\/2020\/index.php?rest_route=\/wp\/v2\/types\/page"}],"author":[{"embeddable":true,"href":"http:\/\/tass.sepln.org\/2020\/index.php?rest_route=\/wp\/v2\/users\/1"}],"replies":[{"embeddable":true,"href":"http:\/\/tass.sepln.org\/2020\/index.php?rest_route=%2Fwp%2Fv2%2Fcomments&post=19"}],"version-history":[{"count":27,"href":"http:\/\/tass.sepln.org\/2020\/index.php?rest_route=\/wp\/v2\/pages\/19\/revisions"}],"predecessor-version":[{"id":277,"href":"http:\/\/tass.sepln.org\/2020\/index.php?rest_route=\/wp\/v2\/pages\/19\/revisions\/277"}],"wp:featuredmedia":[{"embeddable":true,"href":"http:\/\/tass.sepln.org\/2020\/index.php?rest_route=\/wp\/v2\/media\/140"}],"wp:attachment":[{"href":"http:\/\/tass.sepln.org\/2020\/index.php?rest_route=%2Fwp%2Fv2%2Fmedia&parent=19"}],"curies":[{"name":"wp","href":"https:\/\/api.w.org\/{rel}","templated":true}]}}